s the remainder when 58 is divided by p?
6
Calculate the remainder when 997 is divided by 1/(7*4/84*3/13).
9
Let o = -59 + 61. Suppose -q = -4*d - 12, 0 = d + o - 6. Calculate the remainder when q is divided by 6.
4
Let a = -64 + 91. Let z = a + -24. Calculate the remainder when (212/(-6))/(z + (-11)/3) is divided by 14.
11
Let q = -10170 + 10741. What is the remainder when 574 is divided by q?
3
Let t = 151 + -108. Suppose 5*a - 4*v + 502 = -829, 3*a = -3*v - 777. Let n = a - -477. Calculate the remainder when n is divided by t.
42
Let l = -18216 + 18238. Calculate the remainder when 1891 is divided by l.
21
Let r = -5223 - -7151. What is the remainder when r is divided by 321?
2
Let g(f) = f**3 + 3*f**2 + 2*f - 6. Let k be g(2). Suppose 253 = 2*q + x, 105 = q + 4*x - k. Calculate the remainder when q is divided by 17.
8
Let p be (2 - -12)/((-7)/1610*5). Let o = p + 646. Calculate the remainder when 11 is divided by o.
1
Let g be 3/9 + (-20)/(-12). Suppose -j + 5 = 3*z - 4, -4*z + g*j + 12 = 0. Calculate the remainder when 16/(-6)*5/(30/(-9)) is divided by z.
1
Let k = -5052 + 2530. What is the remainder when k/(-10) - (10 + (-270)/25) is divided by 59?
17
Let d = 6537 + -5782. What is the remainder when d is divided by 152?
147
Let p be (-6)/7*7/(-1). Suppose 9*l + 102 = 3*k + 12*l, 5*l - 15 = 0. What is the remainder when k is divided by 62/p - (-2)/3?
9
Let f(x) = 23*x + 331. Calculate the remainder when f(-12) is divided by 26.
3
Let j(b) = 46*b + 29. Let r(v) = -v**3 - 11*v**2 - 12*v - 17. Let a be r(-10). Calculate the remainder when j(a) is divided by 88.
79
Calculate the remainder when 528 is divided by -4*585/(-12) - 8.
154
Let o = 33 + 7. Calculate the remainder when (5/(-6))/(-1) - (-44948)/408 is divided by o.
31
Suppose -20*p + 18*p - 109575 = -11*p. Calculate the remainder when p is divided by 11.
9
Let t be (325/75 - 1/1)*108. Let q = 368 - t. What is the remainder when q is divided by 4?
0
Let h = -149 + 283. Suppose -8*r = 5*r + 8541. Let b = 684 + r. What is the remainder when h is divided by b?
26
Let m = 13 - 4. Let t(n) = -n**3 + 5*n**2 - 5*n + 27. Let u be t(6). What is the remainder when 0 + (-13)/(u/27) is divided by m?
0
Suppose 5*v - 2*z = 568 + 1288, -4*v + 1486 = -2*z. Let h = v - 322. Calculate the remainder when h is divided by 31.
17
Suppose 4*x = -4 - 4. Let y = 310 - 292. What is the remainder when (x + 9)*10*1 is divided by y?
16
Calculate the remainder when 1026 is divided by ((-5488)/(-147))/(5/15).
18
Let m = 91 - 62. Calculate the remainder when 1/2 + 0 - (-20 + 59763/(-66)) is divided by m.
27
Suppose -7755 = 3*d - 50*d. Let i(u) = -u**3 + 13*u**2 + 5*u - 9. Calculate the remainder when d is divided by i(13).
53
Let v = 8315 - 8252. Calculate the remainder when v is divided by 23.
17
Let k(x) = -x**2 + 2*x + 56. Let m be k(-7). Let s(d) = d**2 + 5*d + 4. What is the remainder when s(m) is divided by 5?
3
Let g = 10 - 0. Suppose 0 = 2*w - 12 - g. Calculate the remainder when ((-12)/(-10))/(6/21*189/3420) is divided by w.
10
What is the remainder when 897 is divided by (-4 + 2 - 0)*(-1164)/24?
24
Suppose -5*i + 161 = -z, i - 4*z - 16 = 1. Let y = 209454 - 209348. Calculate the remainder when y is divided by i.
7
Suppose 4*i = -i - 3*t - 147, 3*t - 153 = 5*i. What is the remainder when 102 is divided by (-792)/i - (-2 + (-21)/(-15))?
21
Let r(m) = -33*m + 36. Let p = 259 + -264. What is the remainder when r(p) is divided by 34?
31
Let x(k) = 2*k**3 - 8*k**2 + 8*k - 26. Suppose 21*z - 17*z = 20. What is the remainder when x(z) is divided by 35?
29
Let j(f) be the third derivative of -11*f**4/24 + 3*f**3/2 + 20*f**2. Let h = 66 + -14. What is the remainder when h is divided by j(-1)?
12
Let u = -11248 + 11324. Calculate the remainder when 489 is divided by u.
33
Suppose -12*o = -3637 - 8594 - 8757. Calculate the remainder when o is divided by 8.
5
Suppose -3*u - 1143 = -3*s, -578*s + 575*s + 2*u = -1138. What is the remainder when s is divided by 297?
79
Let t = 3237 + -2876. Calculate the remainder when t is divided by 91.
88
Let s = 209 - 198. Let q(u) = -u**3 + 17*u**2 - 4*u. Let x be q(15). Suppose x - 86 = 4*m. What is the remainder when m is divided by s?
10
Let v = -21 - -23. Suppose 3*d + 10 = 5*n, 3*n + 0*d = -v*d + 25. Calculate the remainder when 12 is divided by n.
2
Suppose -8*f = -302 - 18. Suppose -f*i - 8034 = -20394. Calculate the remainder when i is divided by 12.
9
Suppose 3*l = -2*o - 11 - 6, 0 = -o - 3*l - 7. Let p = o - -7. What is the remainder when ((-2)/p)/(3 + 993/(-333)) is divided by 20?
17
Let d = -652 - -102. Calculate the remainder when (d/20)/(2/(-4)) is divided by 6/(-9) + (-88)/(-6).
13
Suppose 89*y - 368 = 1943 + 1872. What is the remainder when 421 is divided by y?
45
Let r(s) = -2335*s + 18684. What is the remainder when 1 + 1 + -2 + 17 is divided by r(8)?
1
What is the remainder when 340 is divided by 2/(-9 - -11)*19?
17
Suppose 0 = -5*b - 20, 2*c + 29 = -4*b - 1. Calculate the remainder when 106 is divided by (32 + c)*4/10 + -1.
7
Let d = -6 - -13. Suppose t - d*t = -84. What is the remainder when (-14)/21*(-1 + (-314)/4) is divided by t?
11
Let m(s) = 26*s**2 + 35*s - 124. Let h be m(4). Let i = h + -292. Calculate the remainder when i is divided by 13.
10
Let t be 10/20 + 6051/(-6). Let g be 4*(-1)/(-22) - t/22. Suppose 2*p + 3*p = -15, 0 = i - 5*p - g. Calculate the remainder when 57 is divided by i.
26
Suppose 8666*r - 5980 - 26427 = 8643*r. Calculate the remainder when r is divided by 103.
70
Suppose 0 = -4*n - 326 + 346. Suppose -2*z = -n*z - 3*h + 216, -5*z + 360 = -4*h. What is the remainder when z is divided by 38?
34
What is the remainder when (-2)/((-20)/666)*1750/150 is divided by 267?
243
Suppose 3*i + 1 = 22. Suppose -14*l + 21*l - 119 = 0. Let k = l - -17. Calculate the remainder when k is divided by i.
6
Let o(j) = -j + 1. Let d(g) = g**2 - 18*g - 221. Let h be d(-9). Let k(r) = -r**3 + 24*r**2 - 40*r - 70. Calculate the remainder when k(h) is divided by o(-4).
3
Let i = -25 + 19. Let q be (9/i)/(6/(-16)). Suppose -2*l - 158 = -q*m, -4*m + 3*l + 155 = -2*l. Calculate the remainder when m is divided by 14.
12
Let m(k) = 142*k - 478. What is the remainder when m(5) is divided by 51?
28
Let c = 1439 + -2203. Let a = -544 - c. What is the remainder when a is divided by 13?
12
Suppose -86*q = 3*l - 81*q - 2661, 2*q = -l + 888. Calculate the remainder when l is divided by 433.
16
Let d(i) be the first derivative of i**4/4 - 8*i**3/3 + 21*i**2/2 - 7*i + 183. Calculate the remainder when 310 is divided by d(4).
11
Suppose -26*v + 4*t + 36850 = 0, -29*t = 5*v - 31*t - 7089. Calculate the remainder when v is divided by 353.
5
Let o = 0 - 11. Let v(x) = -10*x - 30. Let p be v(o). Suppose f - p = -3*u - u, -3*f + 3*u = -270. Calculate the remainder when f is divided by 15.
13
Suppose -130 + 7308 = 97*g. What is the remainder when 289 is divided by g?
67
Let l = -3169 + 3338. Calculate the remainder when 314 is divided by l.
145
Suppose -2*l - 5*q = -8084, -2*l = -43*q + 45*q - 8102. Calculate the remainder when l is divided by 58.
55
Suppose -354 = 14*n - 6220. Suppose 221 + n = 10*c. Let h = c + 59. Calculate the remainder when h is divided by 21.
18
What is the remainder when 787 is divided by (609/116)/(0 - (-6)/208)?
59
What is the remainder when (-11)/(-33)*1*1002 is divided by 161?
12
Let n(v) = v**3 + 4*v**2 + 6*v + 10. Let u be n(-5). Let k(i) = -2*i**3 + 17*i**2 - 8*i - 4. What is the remainder when k(7) is divided by 6*-2*u/12?
42
Suppose -3*f = f - 636. Suppose -9*s + 310 - 59 = -37. What is the remainder when f is divided by s?
31
Suppose -4*m = -6 - 14. Suppose m*f - 59 - 101 = 0. Let s = 41 - 23. Calculate the remainder when f is divided by s.
14
Calculate the remainder when 11 + (-72)/(-18) + 604 is divided by 272.
75
Suppose 0 = -5*z + 3*a + 809, 0 = 5*z - 2*a - 2*a - 807. Suppose -7*m - z = -485. Calculate the remainder when m is divided by 25.
21
Suppose -14*k + 94 - 10 = 0. Suppose k*f + 2*f - 456 = 0. Calculate the remainder when f is divided by 4.
1
Let d(y) = -y - 22. Let n be d(-18). Let t be 1/(-4) + ((-81)/12 - n). Calculate the remainder when 69 is divided by (6 + (-276)/18)/(2/t).
13
Let s = 15 - -1. Suppose 368*m + 18660 - 42027 - 230